(-11). What is the highest common factor of 6 and l?
2
Let c = 7 + 4. Suppose 0 = -3*a + a + 4. Suppose n + 4*n = a*l - 47, -2*l = -3*n - 37. Calculate the greatest common factor of l and c.
11
Let l be (0/23 + (-1)/3)*-33. What is the greatest common divisor of l and 341?
11
Let i be ((-16)/(-6))/(1/45). Let g be 1*i - 0/1. Suppose -u + 2*u + 27 = 2*o, 5*u + 63 = 4*o. Calculate the highest common factor of o and g.
12
Let j be (3*-1)/(2/42). Let p = j + 107. Calculate the greatest common factor of 4 and p.
4
Suppose 5*a - 252 + 62 = 0. What is the highest common divisor of 95 and a?
19
Suppose 4*a + 78 = 5*j - 53, 4*a = j - 39. Calculate the highest common divisor of 184 and j.
23
Let x = -41 + 47. Calculate the greatest common factor of x and 24.
6
Suppose 2*z - 3*s = -4*s + 1695, -2*z + 4*s + 1680 = 0. Suppose -5*r - 2*l + z = 0, -3*r - 3*l = r - 681. What is the greatest common divisor of 21 and r?
21
Let k = -16 - -28. Calculate the highest common factor of 24 and k.
12
Let i = -99 + 50. Let a = -23 - i. Calculate the greatest common factor of 13 and a.
13
Suppose 2*h + 20 = -3*h. Let k(i) = -i**3 - 2*i**2 + 6*i + 3. Let t be k(h). What is the highest common divisor of t and 77?
11
Let p be -2*(-2 - (-1)/2). Let i(g) = 5*g - p - 3*g - 2*g + 5*g. Let c be i(3). What is the highest common divisor of c and 30?
6
Let k(r) = 4*r**2 + r - 1. Let n be k(1). What is the highest common divisor of 120 and n?
4
Let x = -57 + 66. Calculate the greatest common divisor of 9 and x.
9
Let b = 171 - 87. Let j(g) = -g**2 + 14*g + 12. Let x be j(14). Calculate the highest common divisor of x and b.
12
Suppose -2*c + c = 5*m - 10, 3*m + 4*c = 6. Let z(t) = -t**3 - 4*t**2 + 2*t + 1. Let n be z(-5). What is the highest common divisor of m and n?
2
Suppose 5*b = -5*l - 80, -4 - 8 = l - 3*b. Let v = -62 + 36. Let k = l - v. What is the greatest common divisor of k and 77?
11
Let h be (0 - -10)*(7 - 4). What is the highest common divisor of h and 45?
15
Let w = -16 + 23. Let j = -24 - -31. Calculate the highest common divisor of w and j.
7
Suppose -3*j - h + 5 = 2, 5*h = j + 15. Suppose y - 61 = -j*y. Suppose -4*c + y + 3 = 0. Calculate the greatest common factor of c and 4.
4
Let t = -94 + 190. Calculate the greatest common factor of 16 and t.
16
Suppose l = 5*l + 2*o + 10, -5*o + 5 = 0. Let y be ((-22)/(-3))/((-2)/l). Let i be 1/3 - 230/(-3). What is the highest common factor of i and y?
11
Suppose 4*f = 2*j - 4*j + 270, -3*f + 208 = -4*j. Calculate the highest common factor of 170 and f.
34
Let o = -12 - -72. Let m be (-4)/(2/(-10)*1). Calculate the greatest common factor of m and o.
20
Let z be (-39)/(-9) - (32/(-6))/8. Calculate the highest common factor of 95 and z.
5
Suppose 0*d + 16 = -2*d. Let o be 33/12 + (-2)/d. Calculate the greatest common factor of o and 15.
3
Suppose i = 2*w - 2*i - 41, 2*w = 4*i + 46. Let x(o) = 2*o + o**3 + 3*o**2 - 3*o**3 + o**3. Let l be x(-4). What is the highest common divisor of w and l?
13
Suppose -5*s = -5*k - 229 + 64, -2*s - k + 78 = 0. Calculate the greatest common factor of s and 111.
37
Let z(b) = -50*b**3 + b**2 + b. Let v be z(-1). Calculate the greatest common divisor of v and 10.
10
Let p(v) = -v**2 + 84. Let y(f) = f**3 - 4*f**2 + 3*f - 6. Let z be y(4). Let b = z + -6. Let g be p(b). Calculate the greatest common divisor of 12 and g.
12
Let w = -5 + 4. Let u be (4 + -2)/(w/(-4)). Let i(d) = 5*d. Let t be i(4). What is the highest common factor of t and u?
4
Let p(y) = 2*y**2 - y**2 + 2*y + 0*y**2 - 3 - 2. Let d be p(-4). Let a(n) = n + 4. Let q be a(d). What is the highest common factor of 28 and q?
7
Let c = -46 + 22. Let k be (-1096)/c - 4/6. What is the highest common factor of 9 and k?
9
Let c = -9 - -24. What is the highest common divisor of c and 5?
5
Let r = 378 - 156. Let q be (-2)/8 - r/(-24). Calculate the greatest common divisor of q and 99.
9
Let x = 6 - 9. Let h be (-15)/x*(1 + 4). Suppose 3*o - 5*s - 20 = 2*o, -2*o + 24 = -2*s. What is the highest common factor of o and h?
5
Let h(p) = p - 3. Let a be (-16)/72 + 74/9. Let z be h(a). Calculate the greatest common divisor of z and 45.
5
Let i = 36 + -20. Let q be (45/36)/(1/i). What is the highest common factor of 30 and q?
10
Let d(m) = 3*m - 27. Let c be d(19). Let i = -4 + 6. Suppose -5*a + 0*a - 5*p = -80, 2*p = i. Calculate the greatest common factor of c and a.
15
Let g(i) = 2*i - 4. Let h(b) = b. Let d(c) = 2*g(c) - 6*h(c). Let t be d(-6). Suppose z - 2 = -0. Calculate the highest common divisor of z and t.
2
Let x(q) = 12*q - 23. Let y be x(4). Calculate the highest common factor of 50 and y.
25
Suppose 0*x = -3*x - 180. Let v = -42 - x. Calculate the highest common factor of 9 and v.
9
Let k(d) = 19*d + 4. Let g be k(4). Let p(o) = 3*o - 5. Let v be p(5). What is the greatest common factor of g and v?
10
Let g be (1/(-2)*-142)/(-1). Let r = 101 + g. Calculate the greatest common factor of r and 12.
6
Let t = 89 - 162. Let r = 32 - t. What is the greatest common factor of r and 15?
15
Let b be (-1 - 1/2)*-42. Let r = 4 + 5. Calculate the greatest common factor of r and b.
9
Suppose 2*j = 3*j - 7. Let u = -12 + 7. Let c = 2 - u. What is the highest common factor of c and j?
7
Let n(y) = -9*y**2 + 3*y. Let g(t) = -1. Let a(v) = -3*g(v) - n(v). Let o be a(2). Calculate the highest common factor of o and 3.
3
Suppose 4*q = 4*y - 180, -2*y - 3*y = -q - 225. What is the greatest common divisor of 30 and y?
15
Let o(j) = -1 + 4*j**2 - 2*j**2 - 2*j - 4*j**2 + 3*j**2. Let b be o(3). Let k be (-2)/(2/(-8)*2). Calculate the greatest common factor of b and k.
2
Let r be (5 + -1)*12/8. Suppose 2*j = r + 2. Let v(i) = 6*i**2. Let f be v(j). What is the greatest common factor of f and 12?
12
Suppose -8 = -8*p + 4*p. Calculate the highest common factor of 10 and p.
2
Let u(k) = -4 - 3 + 1 - k. Let p be u(-8). Suppose -3 = 2*f - 11. What is the highest common factor of f and p?
2
Let i(v) = -2*v**2 - v - v**2 + 2 + 1 + 3*v**3 - v**2. Let m be i(3). What is the highest common divisor of 18 and m?
9
Let t be (-10)/(-45) + (-2120)/(-18). Let k = t - 73. What is the greatest common divisor of k and 18?
9
Suppose 108*j = 112*j - 24. What is the highest common factor of j and 33?
3
Suppose 0 = 5*a + p - 54, -3*a + 2*p = -10 - 12. Let z(s) = -2*s + 10. Let t be z(0). What is the greatest common divisor of t and a?
10
Suppose -2*l + 4 = -2*c, 4*c = -4*l - 0 + 8. Let u be 98*(-1)/l*-2. What is the greatest common divisor of 14 and u?
14
Let k(c) = c + 9. Let d be k(15). Calculate the highest common divisor of 16 and d.
8
Let u be 9/(-4)*-2*16. Suppose 2*k = -k + u. Calculate the highest common factor of 8 and k.
8
Let d be (30/75)/(1/60). What is the highest common divisor of 32 and d?
8
Let i(n) = n**2 - 4*n. Let g be i(4). Let m be (g - -3)*10*1. Suppose 3*f - 3 = o, 0 = -0*f - 4*f + 12. Calculate the highest common factor of o and m.
6
Let i = 7 + -51. Let u = i + 99. Suppose 4*a - 25 = 63. What is the highest common divisor of a and u?
11
Let u = 16 - 5. Suppose -u*p + 12*p = 8. What is the highest common divisor of 40 and p?
8
Suppose 0 = x + 3*f - 5, -2*x + f = 6*f - 10. Let k = 45 - 5. Calculate the highest common factor of k and x.
5
Suppose -3*x = -6 - 3. Suppose -4*n = 3*b - 681, -5*b = -x*n - 1268 + 104. What is the highest common factor of 21 and b?
21
Let x be (425/20)/(-5)*-4. Calculate the greatest common divisor of 119 and x.
17
Let z(l) = 5*l**3 + 4*l**2 - 6*l + 3. Let c be z(1). Calculate the greatest common divisor of 6 and c.
6
Let k be (25 - 1)/((-1)/(-4)). Let b(c) = 3*c + 3. Let y be b(3). Calculate the greatest common divisor of y and k.
12
Let n(q) = -3*q - 4. Let m be n(-3). Suppose 2*u - 1 = m. What is the greatest common divisor of u and 33?
3
Let w(s) = -4*s - 2. Let t be w(-3). Suppose 2*i = t, -5 = -2*q + 4*q + i. Let o = 21 + q. What is the highest common factor of 48 and o?
16
Let l(k) = -4*k - 1. Let t be l(-1). Suppose t*c - 44 = -x, -x = -0*x - 2*c - 24. Calculate the greatest common factor of x and 80.
16
Let a be 6/(-4)*(-4)/3. Let u = 6 - a. Let r = 5 - u. Calculate the greatest common factor of 10 and r.
1
Let n(y) = -y - 18. Let q be n(-8). Let z = q - -14. What is the highest common divisor of 6 and z?
2
Suppose 45 = 4*b 